 v. What is the units digit of q + 5 - (0 - 3)?
4
Let f = -544 - -304. What is the tens digit of (3 - 2)/((-8)/f)?
3
Suppose -4*f + 3*f + 188 = 4*k, f - 182 = -2*k. What is the units digit of f?
6
What is the tens digit of ((-83)/5 + 1)*50/(-20)?
3
Let d = 82 + -70. What is the units digit of d?
2
Let h(s) = -4*s**2 + 3*s + 6*s**2 + 0 - 1 - s**2. Suppose 4*c + 0*c = 8. What is the units digit of h(c)?
9
Let b = -8 - -31. Let y be (-8)/(2 + (-7 - -3)). Suppose y*c + 7 = b. What is the units digit of c?
4
Suppose 12 + 12 = 2*t. Suppose 0 = 4*m - t - 12. Suppose -5*a + m*a = 8. What is the units digit of a?
8
Let b = 22 - 48. Let m be (b/4)/(1/(-2)). Suppose 0 = i - 3*y - 2*y - 11, m = 2*i - y. What is the units digit of i?
6
Suppose 4*p - 31 = 49. What is the units digit of p?
0
Let q = -20 + 23. What is the units digit of q?
3
Suppose 30 = 4*v + 2*a, 11 = v - 5*a + 2*a. What is the units digit of v?
8
Let l(b) = -2 - 2*b - b - 13*b + 1. Suppose 5 = -0*d - 5*d. What is the tens digit of l(d)?
1
Let z(b) = -11*b**3 - 4*b**2 - b + 2. What is the tens digit of z(-2)?
7
Let v = 95 - -58. What is the units digit of v?
3
Suppose 0 = -3*v + 29 - 2. Let p be -1 - -4 - (-1 + 0). Suppose -3*n + 0 = p*a - v, -2*n - 22 = -2*a. What is the units digit of a?
6
Let h(i) = 20 - 24 + i**2 + 19 - 7*i. What is the units digit of h(6)?
9
Let v(p) = p**2 + p + 7. What is the tens digit of v(3)?
1
Let l = 0 - 0. Let z be 1*-3*2/(-6). What is the units digit of z + 3 + l/3?
4
Let z(x) = -x**3 - 6*x**2 + 7*x + 3. Let d be z(-7). Suppose -2*s + 54 = 2*p, 81 = 3*p + d*s - 7*s. What is the units digit of p?
7
Let v = 8 - -43. What is the tens digit of v?
5
Let y(d) = -9*d + 6. Let p be y(-2). Let l be (-69)/(-2) + (-1)/2. Let f = l - p. What is the tens digit of f?
1
Suppose -g = 4*z - 134, 4*g - z - 466 = 155. What is the tens digit of g?
5
Let f(s) = 4*s**2 - s - 2. Let k be f(-2). Let a be (-4)/k + 77/4. Suppose 40 = 5*i + 5*l, -5*i + 6*l = 4*l - a. What is the units digit of i?
5
Suppose 3*m - 7 = 8. What is the units digit of (2 - m - -2)*-6?
6
Suppose -r = -2*r + 13. What is the units digit of r?
3
Suppose 20*r - 15*r - 1770 = 0. What is the tens digit of r?
5
Let f(w) = w**2 - w - 6. Let a be f(6). What is the units digit of (1/(-2))/((-3)/a)?
4
Suppose -4*v + 4 - 12 = -4*n, -5*n + v = -10. Suppose -n*l + 3 = -l. Suppose -l*c = -7 - 8. What is the units digit of c?
5
Suppose 0 = -2*y + 11 - 7. What is the units digit of y?
2
Suppose h + 0 = 5*f - 4, 2*h - 3*f - 6 = 0. What is the units digit of (h + 12)*1/3?
6
Let p be 33/6 - 1/(-2). Suppose 0*r - 3*r = -p. Suppose b + 13 = 4*b - r*y, 4*b + 6 = -2*y. What is the units digit of b?
1
Suppose -8*b + 135 - 15 = 0. What is the units digit of b?
5
Suppose -3*u = -x - 931, -3*x = 5*u + x - 1563. What is the units digit of u?
1
Let j be ((-236)/(-6))/((-8)/(-12)). Let y = -13 + j. What is the tens digit of y?
4
Suppose 3*n - 1 = 2*x, -27 = -3*n - 2*n - 3*x. Suppose -n*t + 22 = -23. What is the units digit of t?
5
Suppose 2*f - 37 = -k, k - 4 = -4*f + 39. What is the units digit of k?
1
Let c(n) = 10*n. Let t be c(1). What is the tens digit of 266/t + 24/60?
2
Let r = 14 - 12. Suppose r*d - 23 = 3. What is the tens digit of d?
1
Suppose -4*k - 11 = 9. Let w(i) be the third derivative of i**6/120 + i**5/10 + i**4/8 - 5*i**3/6 - 15*i**2. What is the units digit of w(k)?
5
Let o be (-56)/(-6)*(-3)/2. Suppose -4*a - 156 = -4*s - 52, -35 = -s + 4*a. Let f = s + o. What is the units digit of f?
9
Let y(x) = -x**3 - 3*x**2 + 3*x - 8. What is the tens digit of y(-6)?
8
Let d(s) = 4*s**2 + 7*s - 10. What is the tens digit of d(-6)?
9
Let c(v) = v**3 - 5*v**2 - 7*v - 5. Let s be c(6). Let t = s + 18. What is the units digit of t?
7
Let d(i) = 5*i**2 + 34*i + 14. Let t(x) = x**2 + 7*x + 3. Let f(n) = 2*d(n) - 11*t(n). Let q be f(-7). What is the units digit of q*1 - (4 + -4)?
9
Let v(j) = -258*j - 9. What is the units digit of v(-1)?
9
Let f = -24 + 70. What is the units digit of f?
6
Let s be (-1)/(2/(1 - -5)). Let o = 18 + s. What is the units digit of o?
5
Suppose 172 = 3*t - t. What is the tens digit of t?
8
Let i(m) = 3*m - 9. Let n(l) = l**3 + 8*l**2 + 8*l - 4. Let u be n(-6). Let k = u - 12. What is the units digit of i(k)?
5
Suppose -3*h + 5*h = -z, 14 = -5*z - 3*h. Let g(f) = -4*f - 11. What is the units digit of g(z)?
5
Let k = 90 - 132. Let c = 13 + -40. Let d = c - k. What is the units digit of d?
5
Let c = 7 + -4. Suppose 63 = 3*q - 3*i, i - 93 = -5*q + c*i. What is the units digit of q?
7
Let v = 0 + 1. Let u be v + -2 - (-5 - -2). What is the units digit of 3 + 1 + u + -1?
5
Let l(t) = -t**3 + 8*t**2 - 2*t + 2. Let q be l(7). Suppose -3*w + q = 2*u, -w - 54 = -3*u - 5*w. What is the tens digit of u?
1
Suppose 0 = -2*r + 4, 4*o + r = -0*o - 10. What is the units digit of 10*(o/6)/(-1)?
5
Let x(i) = -39*i - 14. What is the hundreds digit of x(-4)?
1
What is the units digit of (-5)/(-2)*(-144)/(-60)?
6
Suppose -6*w + 228 = -84. What is the units digit of w?
2
Suppose 0 = -5*w + 3*b + 30, 4*b + 29 = w + 2*w. Suppose w*f - 10 = 23. What is the tens digit of f?
1
Let r(l) = -3 - l**3 + 3*l**2 - 5*l**2 + l - 2*l - 2*l. What is the units digit of r(-3)?
5
Suppose 2*f - 152 = -2*a, -5*a = -6*f + f - 360. What is the units digit of a?
4
Let m(g) = -g**2 - 8*g + 1. Let v be m(-8). What is the units digit of (-1)/(12/16 - v)?
4
Suppose 0 = -3*h + 6 + 3. Let c(p) = 2*p**3 - 5*p**2 + p + 4. What is the tens digit of c(h)?
1
Suppose 25 = 5*r - 10. What is the units digit of r?
7
Let i(c) = 15*c - 1. What is the units digit of i(5)?
4
Let h(f) = -6*f**3 - f**2 - 2*f - 1. Let w be h(-1). Let b(q) = 2*q - 8. Let o be b(w). Suppose -l + o = -3. What is the units digit of l?
7
Let z = 156 - 84. What is the units digit of z?
2
Suppose -2*s - 5*p + 0*p - 24 = 0, -6 = -s + 2*p. Let a = s + 3. What is the tens digit of (-3 - -13)/(a/2)?
2
Let m be (-2)/(-2 - 16/(-10)). Suppose -5*g = m*w - 5, 2*w + 0*g - 17 = g. Suppose -3*k + 4*r + 3 = 0, w*k = 2*k + 3*r + 4. What is the units digit of k?
1
Let l(m) be the second derivative of m**4/12 + 5*m**3/3 + 5*m**2 - m. Let z be l(-9). Suppose 5*j + z = 26. What is the units digit of j?
5
Suppose 3*j = -5*d + 30, d + 5*j = 2*d - 6. Suppose 3*p + 4 = p. Let z = p + d. What is the units digit of z?
4
Let o(h) be the second derivative of h**5/20 - 5*h**4/12 + h**3 - 5*h**2/2 + 2*h. Let j be o(4). Suppose r - j*r + 12 = 0. What is the units digit of r?
6
Let u(a) = -a - 5. Let j be u(-8). Suppose -j*b - 2*b = -65. What is the units digit of b?
3
Suppose -5*n + 980 = -5*a, -4*n + 808 = 6*a - 4*a. What is the tens digit of n?
0
Let b = 13 + -9. Let j = b + 36. What is the tens digit of j?
4
Let a(r) = -72*r + 6. What is the units digit of a(-1)?
8
Suppose 183 = 3*s + 2*r, -8 = -3*r + 1. What is the units digit of s?
9
Suppose 1 = -n - 2*o, 4*n + 3*o - 8 = -2*o. Suppose -a = -2*a + n. What is the units digit of a?
7
Suppose -3*h - 40 = -2*x - 2*x, 5*h = -x + 10. Let t be 14/x - 18/(-30). Suppose t*b + 57 = 4*g + b, 0 = g - b - 18. What is the units digit of g?
3
Let t(c) = c + 19. Let n be 14/4 + (-2)/4. Suppose -n*p + 3*x = 5*x + 8, -20 = -2*p + 5*x. What is the units digit of t(p)?
9
Let k be -1 + 4 + -1 + -1. Let n = 3 - 2. What is the units digit of 2 + (3 - (n - k))?
5
Suppose -11 - 5 = -4*p. Suppose -p*d + 3*a + 125 = -0*a, -5*a + 101 = 3*d. What is the units digit of d?
2
Suppose -f = -4*d + 14, 4*f + 7 = d + 2*f. What is the tens digit of d/12 + (-86)/(-8)?
1
Suppose -2*j - 8 = -4*t, t - 2*j - j = -8. Suppose 17 = -3*i + 74. Suppose -t*y + 27 = 3*f, f - i = -0*f + 2*y. What is the tens digit of f?
1
Let l = 17 + 1. Suppose 0 = 8*g - 3*g, 0 = 3*k + 3*g - l. What is the units digit of k?
6
Let q(g) = g**3 - 5*g**2 + 2*g - 9. What is the units digit of q(6)?
9
Let n(t) = t**3 + 12*t**2 - t - 8. Let v be n(-12). What is the units digit of 9/2 + 2/v?
5
Let p(q) = -q**2 - 14*q + 14. Let w be p(-11). Let s = -26 + w. What is the tens digit of s?
2
Suppose -4*o = -o + 2*p - 274, 0 = 2*o - p - 192. What is the units digit of o?
4
Let h(k) = 12*k - 16. Let x(i) = i - 1. Let b(m) = 2*h(m) - 28*x(m). What is the units digit of b(-3)?
8
Suppose -4*t + 18 = -t. What is the units digit of (-2 - 1) + t + 8?
1
Sup